r of w?
False
Let z(o) = -o**2 - 5*o - 2. Let s be z(-2). Let g be 12/(-6)*(-10)/s. Suppose a = n - 35, 4*n + g*a - a - 164 = 0. Does 19 divide n?
True
Let b(f) be the third derivative of -10*f**2 - 7/24*f**4 + 0 + 0*f + 2/3*f**3. Is 8 a factor of b(-2)?
False
Suppose 3*z + 10 = 5*z. Suppose -2*q = -3*f - 220, -5*f = 4*q - z*q + 96. Does 18 divide q?
False
Let n = 91 + -97. Let i(r) = 3*r**2 + 9*r - 5. Is i(n) a multiple of 7?
True
Suppose -5*v + 328 = m, 166 = m + 2*v - 174. Is m a multiple of 12?
True
Let m = 35 - -261. Let w = m + -205. Does 26 divide w?
False
Let w(c) = 12*c**2 - 2*c - 3*c**2 + 20*c**2. Does 14 divide w(2)?
True
Let j(f) be the first derivative of f**3 + f**2 - 1. Suppose 168*v - 163*v + 10 = 0. Is j(v) a multiple of 8?
True
Let x = 23 - 17. Suppose -2*u + 126 = 2*j - x*u, 0 = 5*j - 4*u - 315. Is j a multiple of 4?
False
Let u(f) = -f**3 + 3*f**2 + f + 1. Let k be u(3). Suppose -k*j + 8 = 0, 4*j + 2 = 5*o - 0. Suppose 2*b = -4*a + 5*a + o, 5*a = b + 8. Does 2 divide b?
True
Let u = 574 - 556. Is 18 a factor of u?
True
Let p be (-3)/(-2 + (-4)/(-8)). Let f(w) = 10*w**3 + 3*w - 2. Does 21 divide f(p)?
True
Let n be 6/15 - 18/(-5). Let f be (-4)/n + (3 - -2). Suppose 56 = f*t - 20. Does 19 divide t?
True
Let l be (-8)/14 + (-4)/(-7). Suppose y + l = 17. Does 6 divide y/((0 + -1)/(-1))?
False
Let x be (-116)/(-36) - (-2)/(-9). Suppose -3*r - 9 = -4*l, x*l + 2*r - 37 = -9. Is 5 a factor of l?
False
Let g(n) = 7*n + 294. Let k be g(0). Suppose -12*d = -6*d - k. Is 7 a factor of d?
True
Let n be ((-20)/15)/((-4)/(-1566)). Let x = -300 - n. Suppose x + 106 = 4*d. Is d a multiple of 24?
False
Suppose m = 584 - 116. Does 9 divide m?
True
Let n(t) = -t**3 + 5*t**2 - 3*t - 1. Let b be n(3). Let j = b - -6. Does 14 divide j?
True
Suppose -5*c + 994 + 372 = 4*t, 0 = -3*c - 3*t + 822. Is 36 a factor of c?
False
Let m = 1072 + -786. Is 20 a factor of m?
False
Let d(q) = -3*q**2 + 11. Let n be d(-4). Let f = 71 + n. Does 4 divide f?
False
Let r(p) = 2*p**2 + 4*p + 9. Let j be r(7). Let s = j - 37. Is 7 a factor of s?
True
Suppose 3*o - 1233 = 10*l - 11*l, -1208 = -l + 2*o. Is 21 a factor of l?
True
Suppose -13*l + 247 = -221. Is l a multiple of 6?
True
Let n(s) = 6*s**2 - s + 1. Let h(t) = 5*t**2. Let q(o) = 2*h(o) - 3*n(o). Let b be q(3). Let y = 114 + b. Does 16 divide y?
True
Let j(a) = 161*a**2 - 3. Is 23 a factor of j(2)?
False
Let j = 11 + -17. Does 4 divide 535/25 + j/15?
False
Does 17 divide (-27)/(-6)*((-12 - -8) + 38)?
True
Let b be (14/8)/(2/136). Suppose b + 365 = 2*x. Suppose 264 - 65 = 4*q - 5*y, -5*q + x = -4*y. Is 19 a factor of q?
False
Suppose 28*s - 35*s + 1176 = 0. Is s a multiple of 12?
True
Let c(h) = h**2 - 37*h + 277. Let d be c(11). Suppose 3*b + 9 = 0, -3*b + 132 = 3*n - 8*b. Let k = d + n. Is 15 a factor of k?
True
Let x be -2 - -1 - (0 + -3). Suppose 10 = 4*m - x. Suppose 5*u + m*s - 50 = 88, 3*s = -u + 18. Is 10 a factor of u?
True
Let f be -6*(-7)/1*1. Let d be 19/7 - (-12)/f. Let v(z) = 10*z + 2. Does 8 divide v(d)?
True
Let r = -160 + 76. Let h = r + 216. Does 33 divide h?
True
Suppose 2*u - 2623 = -27*k + 26*k, 2*u = -5*k + 2619. Is 4 a factor of u?
True
Let z(i) = -5*i**3 + 4*i**2 + 4*i + 7. Let d = 15 - 18. Let r(v) = 6*v**3 - 4*v**2 - 4*v - 8. Let q(w) = d*r(w) - 4*z(w). Is q(4) a multiple of 11?
True
Let a(w) = -2*w + 2. Let s be a(11). Is s/(((-6)/(-57))/(-1)) a multiple of 19?
True
Let w(v) = 11 - 6*v**2 + 0*v**2 + 5*v**2 + 10*v. Suppose -11 + 2 = -y. Is 10 a factor of w(y)?
True
Let m be (26/(-5))/((-1)/10). Let y be m/20 + 2/5. Suppose -5*f + 4*c + 145 = 0, 2*c + 58 = 2*f - y*c. Is 9 a factor of f?
False
Let w = 4182 + -2205. Suppose m + s - 402 = 0, -3*s - w - 41 = -5*m. Suppose -5*g - 470 = 4*c - 9*c, -4*c + m = 5*g. Does 27 divide c?
False
Let v(a) = 2*a**3 - 7*a**2 + 15*a + 8. Let c(o) = -o**3 + 3*o**2 - 7*o - 4. Let y(d) = 5*c(d) + 2*v(d). Is y(-3) a multiple of 13?
False
Let p = 342 + -45. Does 10 divide p?
False
Suppose -3 = 11*x - 47. Is 9 a factor of ((-1)/(-3))/(6/(176 + x))?
False
Let q = -10 - -6. Let i = 7 + q. Is (-4)/12 - (-61)/i a multiple of 6?
False
Suppose -7*c + 599 = -661. Is 10 a factor of c?
True
Let d(o) = 5*o**3 + 10*o**2 - 6*o - 22. Let f(p) = 4*p**3 + 10*p**2 - 6*p - 21. Let m(v) = 5*d(v) - 6*f(v). Does 22 divide m(10)?
False
Suppose -4*u + 816 = -3*s, -2*u + s = 3*s - 394. Let y = u + -105. Is 9 a factor of y?
False
Let x = 321 + -246. Is 25 a factor of x?
True
Suppose 35*r = 33*r + 4888. Does 33 divide r?
False
Let r = 152 - 136. Does 10 divide r?
False
Let h(o) = -36*o - 112. Is 14 a factor of h(-7)?
True
Let p(n) = -2*n**3 - 8*n**2 + 4*n. Let z be p(-6). Suppose 5*v - z = 60. Let w = -14 + v. Does 8 divide w?
False
Let u = -83 - -93. Let h(v) = 2*v**2 - 17*v + 42. Does 4 divide h(u)?
True
Let m(z) = 150*z**2 + 2*z + 1. Let h be m(-1). Suppose 3*c - 343 = h. Does 41 divide c?
True
Suppose 8880 = 6*k + 2*k. Is k a multiple of 37?
True
Suppose 0 = -0*v + 2*v + 6, -4*a = 3*v + 1. Let s(c) = -3 - 7*c + a*c + 1 - 2. Is s(-3) a multiple of 7?
False
Suppose 9 = -3*c + 6*c. Is 13 a factor of ((-10)/15)/(c/(-423))?
False
Is 2181/10 - (-41)/(-410) a multiple of 3?
False
Let p = 30 + -33. Let x be -1 + 3/p + -4. Is 8 a factor of (x/6)/(3/(-27))?
False
Let b(f) = 9*f**2 + 7. Let x be b(4). Suppose -3*w - 43 = 2*o - 3*o, 0 = 4*o - 5*w - x. Does 5 divide o?
False
Let j(x) = -11*x + 2. Suppose 2*o + 2 = 4*t, 4*t + 5*o - 4 = -23. Let h be j(t). Suppose -3 + h = 5*g. Is g a multiple of 2?
True
Suppose -5*p + 8795 = 5*k, -70*k + 8845 = -65*k - 5*p. Does 63 divide k?
True
Let l be ((-1)/2)/(2/(-84)). Is 19 a factor of 133/l*(2 + 1)?
True
Suppose -y = -4*t - 10244, 2*t + 2*y = -2*t - 10232. Is 43 a factor of (t/6)/4*(-45)/20?
False
Let t = 8 - -1. Suppose -5*w = -t - 56. Does 7 divide w?
False
Does 12 divide ((-13896)/(-126))/(4/84)?
True
Let b = 49 + 1277. Is b a multiple of 102?
True
Suppose 4*o + 3*o = 273. Suppose 6*f - 33 - o = 0. Is f a multiple of 4?
True
Let t(j) = 10*j**2 + 23*j - 1. Is 13 a factor of t(-6)?
True
Let j = -44 + 38. Let z be ((-16)/(-6))/(j/252). Let y = -54 - z. Is y a multiple of 29?
True
Suppose 0 = -8*f + 353 + 279. Is 12 a factor of f?
False
Let b(d) = 28*d**2 + 3*d - 3. Let g be b(-3). Suppose -q + g = 4*q. Suppose -5*i + q = -4*i. Is i a multiple of 12?
True
Let a = -101 - -2192. Does 18 divide a?
False
Let u be -6*1/2 - -276. Let l = u - 173. Suppose 38*r = 34*r + l. Is r a multiple of 25?
True
Let d be (-666)/(-3) - (-2 - -4). Let p = d + 20. Does 30 divide 0 - (2 - p/3)?
False
Suppose -5*m - 4*j = j + 10, 2*m - 11 = j. Suppose 2*h - 229 = -l, 348 = -m*h + 6*h - 3*l. Suppose 4*v - h = 25. Is 17 a factor of v?
False
Let t = 23 + 3. Let x = 9 + t. Is 9 a factor of x?
False
Let l(b) = b**3 - 10*b**2 - 65*b + 39. Does 15 divide l(17)?
False
Let j(n) = 2*n**2 - n - 3. Let q(i) = 3*i**2 - i - 4. Let y(d) = -4*j(d) + 3*q(d). Let f be y(1). Suppose 24 = f*m + 2*m. Does 2 divide m?
True
Suppose -30 = 9*n + n. Is 6 a factor of -142*1/(-4) - n/6?
True
Let s = -423 - -495. Is 8 a factor of s?
True
Suppose -421*w + 420*w + 594 = 0. Is w a multiple of 33?
True
Let d(f) = 34*f - 66. Is d(4) a multiple of 10?
True
Suppose 3435 + 1125 = 12*o. Is o a multiple of 20?
True
Let a = -130 + 139. Is 4 a factor of a?
False
Suppose 5*l - 65 = -4*a - a, 0 = 5*l + 3*a - 69. Let y = l + -11. Suppose u - 5 = y. Is 3 a factor of u?
True
Suppose -8*y + 6*y = -86. Suppose b - y = -0*b. Is 10 a factor of b?
False
Let p(z) = 2*z - 26. Let f be p(13). Suppose f*d - 2*d = -146. Does 10 divide d?
False
Let m = 127 + -65. Let y = m + -36. Is y a multiple of 20?
False
Let v be 8/10 + (-4097)/(-85). Suppose c + 27 = v. Is c a multiple of 20?
False
Does 73 divide ((-1065)/20)/((-57)/5548)?
True
Suppose 14 = -3*u + 2. Let q = 35 + -47. Does 10 divide 8 - (-6)/(q/u)?
True
Let q(p) = 109*p**2 - 11*p + 5. Is q(2) a multiple of 13?
False
Suppose 17*c - 8702 = -2*c. Is 6 a factor of c?
False
Suppose -3*i = -2*o - 104, -o + 4 = -i + 56. Let b = -17 - o. Is b a multiple of 11?
False
Let z(s) = 4*s. Suppose -2*n = 2*v + 3*n - 23, -4*v + 16 = 4*n. Let r be z(v). Is 44/(((-4)/r)/1) a multiple of 11?
True
Is 3080/15 + 10/6 a multiple of 9?
True
Let c(t) = -t**2 + 10*t + 8. Let l be c(10). Let m = 11 - l. 